{"id":35,"date":"2010-11-20T08:45:06","date_gmt":"2010-11-20T07:45:06","guid":{"rendered":"http:\/\/evs-bl.de\/wordpress\/hertzlich-willkommen\/"},"modified":"2026-03-16T15:06:36","modified_gmt":"2026-03-16T14:06:36","slug":"hertzlich-willkommen","status":"publish","type":"page","link":"https:\/\/evs-bl.de\/","title":{"rendered":"Herzlich willkommen  auf den Seiten der Evangelischen Schule f\u00fcr Sozialwesen \u201eLuise H\u00f6pfner\u201c."},"content":{"rendered":"\n<p class=\"has-text-align-center has-vivid-red-color has-text-color\"><\/p>\n\n\n\n<p>Wir bieten seit 1990 bzw. 1997 nach den g\u00fcltigen Ordnungen und Lehrpl\u00e4nen des Freistaates Sachsen die Ausbildung zur\/zum Staatlich anerkannten <strong>Erzieherin\/Erzieher<\/strong> <strong>&#8211;<\/strong> <strong>Bachelor Professional in Sozialwesen<\/strong> und zur\/zum Staatlich gepr\u00fcften <strong>Sozialassistentin\/Sozialassistent<\/strong>en an. Unsere Ausbildungen sind <strong>schulgeldfrei<\/strong> und im Rahmen des <a href=\"https:\/\/www.bafoeg-rechner.de\/\" target=\"_blank\" rel=\"noreferrer noopener\">BAf\u00f6G<\/a> sowie <a href=\"https:\/\/www.afbg-sachsen.de\/BAfoeGOnline\/AFBG\/\" target=\"_blank\" rel=\"noreferrer noopener\">&#8222;Aufstiegs-Baf\u00f6G&#8220; (AFBG)<\/a> <strong>f\u00f6rderf\u00e4hig<\/strong>. Wir betreuen alle <strong>Praktika<\/strong> unserer Sch\u00fclerinnen und Sch\u00fcler <strong>sachsenweit<\/strong>.<\/p>\n\n\n\n<p>Unter dem Leitgedanken unserer Konzeption <em>&#8222;Du stellst meine F\u00fc\u00dfe auf weiten Raum&#8220;<\/em> (Psalm 31,9) gestalten wir unsere Ausbildungen im achtsamen Miteinander, auf Grundlage der aktuellen fachwissenschaftlichen Erkenntnisse und unserer langj\u00e4hrigen Erfahrung sowie mit Freude am Lernen, Entdecken und Entwickeln.<\/p>\n\n\n\n<p><strong>Informieren Sie sich gern auf unseren Seiten, im telefonischen Gespr\u00e4ch oder vereinbaren Sie einen Informationstermin direkt bei uns in der Schule. Zu diesem ist es ebenso m\u00f6glich, unser Schulgeb\u00e4ude und das Wohnheim anzusehen. <\/strong><br><br>Die Schule befindet sich im Kurviertel der Stadt Bad Lausick. Es besteht eine sehr gute Anbindung an \u00f6ffentliche Verkehrsmittel. Der Bahnhof (Halt aller Z\u00fcge der Strecke <a href=\"https:\/\/www.bahn.de\/\" target=\"_blank\" rel=\"noreferrer noopener\">Leipzig &#8211; Chemnitz<\/a>) und die Bushaltestelle sind etwa 200 m entfernt. Bad Lausick geh\u00f6rt zur Zone 146 des <a href=\"http:\/\/www.mdv.de\" target=\"_blank\" rel=\"noreferrer noopener\">MDV<\/a>.<\/p>\n","protected":false},"excerpt":{"rendered":"<p>Wir bieten seit 1990 bzw. 1997 nach den g\u00fcltigen Ordnungen und Lehrpl\u00e4nen des Freistaates Sachsen die Ausbildung zur\/zum Staatlich anerkannten Erzieherin\/Erzieher &#8211; Bachelor Professional in Sozialwesen und zur\/zum Staatlich gepr\u00fcften Sozialassistentin\/Sozialassistenten an. Unsere Ausbildungen sind schulgeldfrei und im Rahmen des<\/p>\n","protected":false},"author":1,"featured_media":0,"parent":0,"menu_order":1,"comment_status":"closed","ping_status":"closed","template":"","meta":{"footnotes":""},"class_list":["post-35","page","type-page","status-publish","hentry"],"_links":{"self":[{"href":"https:\/\/evs-bl.de\/index.php?rest_route=\/wp\/v2\/pages\/35","targetHints":{"allow":["GET"]}}],"collection":[{"href":"https:\/\/evs-bl.de\/index.php?rest_route=\/wp\/v2\/pages"}],"about":[{"href":"https:\/\/evs-bl.de\/index.php?rest_route=\/wp\/v2\/types\/page"}],"author":[{"embeddable":true,"href":"https:\/\/evs-bl.de\/index.php?rest_route=\/wp\/v2\/users\/1"}],"replies":[{"embeddable":true,"href":"https:\/\/evs-bl.de\/index.php?rest_route=%2Fwp%2Fv2%2Fcomments&post=35"}],"version-history":[{"count":214,"href":"https:\/\/evs-bl.de\/index.php?rest_route=\/wp\/v2\/pages\/35\/revisions"}],"predecessor-version":[{"id":4803,"href":"https:\/\/evs-bl.de\/index.php?rest_route=\/wp\/v2\/pages\/35\/revisions\/4803"}],"wp:attachment":[{"href":"https:\/\/evs-bl.de\/index.php?rest_route=%2Fwp%2Fv2%2Fmedia&parent=35"}],"curies":[{"name":"wp","href":"https:\/\/api.w.org\/{rel}","templated":true}]}}

Herzlich willkommen  auf den Seiten der Evangelischen Schule für Sozialwesen „Luise Höpfner“.

<p class="has-text-align-center has-vivid-red-color has-text-color"></p>



<p>Wir bieten seit 1990 bzw. 1997 nach den gültigen Ordnungen und Lehrplänen des Freistaates Sachsen die Ausbildung zur/zum Staatlich anerkannten <strong>Erzieherin/Erzieher</strong> <strong>&#8211;</strong> <strong>Bachelor Professional in Sozialwesen</strong> und zur/zum Staatlich geprüften <strong>Sozialassistentin/Sozialassistent</strong>en an. Unsere Ausbildungen sind <strong>schulgeldfrei</strong> und im Rahmen des <a href="https://www.bafoeg-rechner.de/" target="_blank" rel="noreferrer noopener">BAföG</a> sowie <a href="https://www.afbg-sachsen.de/BAfoeGOnline/AFBG/" target="_blank" rel="noreferrer noopener">&#8222;Aufstiegs-BaföG&#8220; (AFBG)</a> <strong>förderfähig</strong>. Wir betreuen alle <strong>Praktika</strong> unserer Schülerinnen und Schüler <strong>sachsenweit</strong>.</p>



<p>Unter dem Leitgedanken unserer Konzeption <em>&#8222;Du stellst meine Füße auf weiten Raum&#8220;</em> (Psalm 31,9) gestalten wir unsere Ausbildungen im achtsamen Miteinander, auf Grundlage der aktuellen fachwissenschaftlichen Erkenntnisse und unserer langjährigen Erfahrung sowie mit Freude am Lernen, Entdecken und Entwickeln.</p>



<p><strong>Informieren Sie sich gern auf unseren Seiten, im telefonischen Gespräch oder vereinbaren Sie einen Informationstermin direkt bei uns in der Schule. Zu diesem ist es ebenso möglich, unser Schulgebäude und das Wohnheim anzusehen. </strong><br><br>Die Schule befindet sich im Kurviertel der Stadt Bad Lausick. Es besteht eine sehr gute Anbindung an öffentliche Verkehrsmittel. Der Bahnhof (Halt aller Züge der Strecke <a href="https://www.bahn.de/" target="_blank" rel="noreferrer noopener">Leipzig &#8211; Chemnitz</a>) und die Bushaltestelle sind etwa 200 m entfernt. Bad Lausick gehört zur Zone 146 des <a href="http://www.mdv.de" target="_blank" rel="noreferrer noopener">MDV</a>.</p>

<p>Wir bieten seit 1990 bzw. 1997 nach den gültigen Ordnungen und Lehrplänen des Freistaates Sachsen die Ausbildung zur/zum Staatlich anerkannten Erzieherin/Erzieher &#8211; Bachelor Professional in Sozialwesen und zur/zum Staatlich geprüften Sozialassistentin/Sozialassistenten an. Unsere Ausbildungen sind schulgeldfrei und im Rahmen des</p>
