{"id":48,"date":"2010-11-23T10:39:36","date_gmt":"2010-11-23T09:39:36","guid":{"rendered":"http:\/\/evs-bl.de\/wordpress\/fachschule\/"},"modified":"2025-11-13T13:52:11","modified_gmt":"2025-11-13T12:52:11","slug":"fachschule","status":"publish","type":"page","link":"https:\/\/evs-bl.de\/?page_id=48","title":{"rendered":"Fachschule f\u00fcr Sozialwesen &#8222;Staatlich anerkannter Erzieher\/Staatlich anerkannte Erzieherin &#8211; Bachelor Professional in Sozialwesen&#8220;"},"content":{"rendered":"<p><strong>Berufsbild &#8222;Staatlich anerkannter Erzieher&#8220;\/&#8220;Staatlich anerkannte Erzieherin &#8211; Bachelor Professional in Sozialwesen&#8220;<\/strong><\/p>\n<p>Erzieher\/innen nehmen Betreuungs-, Erziehungs- und Bildungsaufgaben in Einrichtungen f\u00fcr Kinder, Jugendliche und junge Erwachsene wahr.\u00a0Dabei begleiten sie Kinder, Jugendliche und junge Erwachsene auf ihrem jeweiligen Weg in ein eigenverantwortliches Leben, unterst\u00fctzen sie in ihrer Pers\u00f6nlichkeitsentwicklung, helfen ihnen, Beziehungen aufzubauen und zu gestalten, erm\u00f6glichen Lernerfahrungen und Unterst\u00fctzen sie beim Bew\u00e4ltigen der altersabh\u00e4ngigen Entwicklungsaufgaben.<\/p>\n<p>Die Einsatzfelder sind beispielsweise:<\/p>\n<ul>\n<li>Kindertagesst\u00e4tten (Krippen, Kinderg\u00e4rten, Horte)<\/li>\n<li>Kinder- und Jugendwohngruppen bzw. -heime<\/li>\n<li>Kinder- und Jugendfreizeiteinrichtungen<\/li>\n<li>Kinderkureinrichtungen und Kinderkliniken<\/li>\n<li>Familienzentren<\/li>\n<li>Schulen (Ganztagsbetreuung, Inklusion)<\/li>\n<\/ul>\n<p><strong>Ausbildung<\/strong><\/p>\n<p>Die dreij\u00e4hrige vollzeitschulische Fachschulausbildung umfasst eine fachtheoretische Ausbildung in den Lernfeldern:<\/p>\n<ul>\n<li>Berufliche Identit\u00e4t und professionelle Perspektiven entwickeln<\/li>\n<li>P\u00e4dagogische Beziehungen gestalten und Gruppenprozesse begleiten<\/li>\n<li>Die Lebenswelten von Kindern und Jugendlichen analysieren, strukturieren und mitgestalten<\/li>\n<li>Bildungs- und Entwicklungsprozesse anregen und unterst\u00fctzen<\/li>\n<li>Kulturell-kreative Kompetenzen weiterentwickeln und gezielt mit Medien arbeiten<\/li>\n<li>Kinder- und Jugendliche bei der Bew\u00e4ltigung besonderer Lebenssituationen unterst\u00fctzen<\/li>\n<li>Eltern und Familien an der sozialp\u00e4dagogischen Arbeit beteiligen<\/li>\n<li>Im Team zusammenarbeiten, Qualit\u00e4t sichern und weiterentwickeln sowie im Berufsfeld kooperieren<\/li>\n<li>Facharbeit erstellen.<\/li>\n<\/ul>\n<p>Fachpraktische Kompetenzen werden in drei integrierten Blockpraktika (jeweils 11 Wochen) erworben und erweitert. Diese Praktika werden durch erfahrene Praxislehrer*innen unserer Schule sowie durch qualifizierte Praxisanleiter*innen in den Einrichtungen betreut. <strong>Wir betreuen vor Ort sachsenweit.<\/strong><\/p>\n<p><strong>Zusatzbaustein zum Erwerb der Fachhochschulreife<\/strong><\/p>\n<p>Innerhalb der Erzieherausbildung an unserer Schule k\u00f6nnen Sie durch das Belegen des Zusatzbausteins mit dem Ausbildungsabschluss auch die Fachhochschulreife erwerben. Damit erreichen Sie eine Studienberechtigung f\u00fcr alle Studieng\u00e4nge an Fachhochschulen bundesweit.<\/p>\n<p><strong>Aufnahmevoraussetzungen<\/strong><\/p>\n<p>1. der Realschulabschluss oder ein gleichwertiger Bildungsabschluss und<\/p>\n<ul>\n<li>der erfolgreiche Abschluss einer f\u00fcr den Bildungsgang einschl\u00e4gigen, nach Bundes- oder Landesrecht anerkannten Berufsausbildung von mindestens zweij\u00e4hriger Dauer oder<\/li>\n<li>der erfolgreiche Abschluss einer nach Bundes- oder Landesrecht anerkannten Berufsausbildung von mindestens zweij\u00e4hriger Dauer und zus\u00e4tzlich eine einschl\u00e4gige sozialp\u00e4dagogische T\u00e4tigkeit von mindestens sechs Wochen oder<\/li>\n<li>eine einschl\u00e4gige Berufst\u00e4tigkeit von mindestens sieben Jahren in Vollzeitbesch\u00e4ftigung oder<\/li>\n<\/ul>\n<p>2. der erfolgreiche Abschluss der Fachoberschule in der Fachrichtung Gesundheit und Soziales oder<\/p>\n<p>3. der erfolgreiche Abschluss der Fachoberschule in einer von Nummer\u00a02 abweichenden Fachrichtung oder die allgemeine Hochschulreife und zus\u00e4tzlich eine einschl\u00e4gige sozialp\u00e4dagogische T\u00e4tigkeit von mindestens sechs Wochen.<\/p>\n<p><strong>Kosten und Ausbildungsf\u00f6rderung<\/strong><\/p>\n<p>Die Ausbildung ist kostenfrei.<\/p>\n<p>Die Erzieherausbildung ist \u00fcber Sch\u00fcler-Baf\u00f6G oder Leistungen nach dem Aufstiegsausbildungsf\u00f6rderungsgesetz (AFBG) f\u00f6rderf\u00e4hig.<\/p>\n<p><em><strong>Bewerbungsbogen Fachschule<\/strong><\/em><\/p>\n<a href=\"https:\/\/evs-bl.de\/wp-content\/uploads\/2025\/09\/Aufnahmeantrag-FS-ab-2025-2.pdf\" class=\"pdfemb-viewer\" style=\"\" data-width=\"max\" data-height=\"max\" data-toolbar=\"bottom\" data-toolbar-fixed=\"off\">Aufnahmeantrag FS ab 2025<\/a>\n<a href=\"https:\/\/evs-bl.de\/wp-content\/uploads\/2025\/09\/Aufnahmeantrag-FS-ab-2025-2.pdf\" target=\"_blank\"><b>Aufnahmeantrag FS ab 2025 herunterladen<\/b><\/a>\n\n\n<p>\/<\/p>\n\n\n\n<p><\/p>\n","protected":false},"excerpt":{"rendered":"<p>Berufsbild &#8222;Staatlich anerkannter Erzieher&#8220;\/&#8220;Staatlich anerkannte Erzieherin &#8211; Bachelor Professional in Sozialwesen&#8220; Erzieher\/innen nehmen Betreuungs-, Erziehungs- und Bildungsaufgaben in Einrichtungen f\u00fcr Kinder, Jugendliche und junge Erwachsene wahr.\u00a0Dabei begleiten sie Kinder, Jugendliche und junge Erwachsene auf ihrem jeweiligen Weg in ein eigenverantwortliches<\/p>\n","protected":false},"author":1,"featured_media":0,"parent":0,"menu_order":18,"comment_status":"closed","ping_status":"closed","template":"","meta":{"footnotes":""},"class_list":["post-48","page","type-page","status-publish","hentry"],"_links":{"self":[{"href":"https:\/\/evs-bl.de\/index.php?rest_route=\/wp\/v2\/pages\/48","targetHints":{"allow":["GET"]}}],"collection":[{"href":"https:\/\/evs-bl.de\/index.php?rest_route=\/wp\/v2\/pages"}],"about":[{"href":"https:\/\/evs-bl.de\/index.php?rest_route=\/wp\/v2\/types\/page"}],"author":[{"embeddable":true,"href":"https:\/\/evs-bl.de\/index.php?rest_route=\/wp\/v2\/users\/1"}],"replies":[{"embeddable":true,"href":"https:\/\/evs-bl.de\/index.php?rest_route=%2Fwp%2Fv2%2Fcomments&post=48"}],"version-history":[{"count":36,"href":"https:\/\/evs-bl.de\/index.php?rest_route=\/wp\/v2\/pages\/48\/revisions"}],"predecessor-version":[{"id":4747,"href":"https:\/\/evs-bl.de\/index.php?rest_route=\/wp\/v2\/pages\/48\/revisions\/4747"}],"wp:attachment":[{"href":"https:\/\/evs-bl.de\/index.php?rest_route=%2Fwp%2Fv2%2Fmedia&parent=48"}],"curies":[{"name":"wp","href":"https:\/\/api.w.org\/{rel}","templated":true}]}}